s the greatest common factor of 226 and 766366?
226
What is the greatest common factor of 304 and 13642?
38
What is the greatest common factor of 4 and 6115?
1
Calculate the greatest common divisor of 20925 and 4836.
93
What is the highest common factor of 35 and 481215?
35
Calculate the greatest common divisor of 13060 and 1320.
20
What is the greatest common divisor of 544306 and 833?
119
Calculate the greatest common divisor of 95289 and 6279.
69
Calculate the greatest common divisor of 91941 and 171.
57
Calculate the highest common factor of 314181 and 63.
63
What is the highest common factor of 814590 and 50?
10
Calculate the highest common factor of 229716 and 66646.
1418
What is the highest common factor of 574 and 410?
82
What is the greatest common divisor of 13882 and 143?
11
What is the highest common divisor of 185500 and 500?
500
Calculate the greatest common factor of 25404 and 4.
4
What is the greatest common divisor of 100969 and 2144?
67
What is the greatest common divisor of 646200 and 240?
120
What is the highest common divisor of 1660 and 15?
5
What is the greatest common factor of 228 and 561222?
114
Calculate the greatest common divisor of 1653 and 16791.
87
What is the highest common divisor of 3274368 and 384?
384
What is the greatest common factor of 391 and 16767?
23
What is the highest common divisor of 5522 and 1255?
251
What is the greatest common divisor of 461 and 14291?
461
Calculate the highest common factor of 2507596 and 4067.
581
Calculate the greatest common divisor of 48392 and 56.
8
What is the highest common factor of 26 and 955214?
26
What is the highest common factor of 43646 and 14178?
278
Calculate the greatest common factor of 3798 and 31228.
422
What is the highest common factor of 77493 and 39?
39
What is the greatest common factor of 543 and 1293969?
543
Calculate the greatest common divisor of 5532200 and 75.
25
What is the highest common divisor of 8509 and 6223?
127
What is the greatest common factor of 774 and 5260362?
258
Calculate the highest common factor of 6 and 4362.
6
Calculate the highest common divisor of 42 and 102210.
6
Calculate the highest common factor of 64 and 34992.
16
What is the highest common divisor of 16207 and 10811?
19
What is the greatest common factor of 7399497 and 21?
21
Calculate the highest common factor of 155944 and 52.
4
Calculate the greatest common divisor of 9257 and 4.
1
What is the highest common divisor of 27 and 90450?
27
Calculate the highest common factor of 34915 and 180.
5
Calculate the greatest common divisor of 14916 and 924.
132
What is the greatest common factor of 3153826 and 5252?
2626
Calculate the greatest common divisor of 119063 and 73.
73
What is the highest common factor of 36700 and 26900?
100
What is the highest common factor of 36905 and 87901?
671
What is the greatest common factor of 7981 and 326527?
347
Calculate the greatest common factor of 65 and 2873.
13
What is the highest common factor of 37140 and 10?
10
What is the greatest common divisor of 3328 and 217464?
104
What is the greatest common factor of 57944 and 8?
8
What is the greatest common divisor of 52 and 2053948?
52
Calculate the greatest common factor of 19467 and 2403.
27
What is the highest common divisor of 8855 and 110?
55
What is the highest common factor of 4081 and 435281?
77
Calculate the greatest common divisor of 26 and 96993.
13
Calculate the highest common factor of 39068 and 12.
4
What is the greatest common factor of 4526 and 19783?
73
What is the greatest common divisor of 886 and 13980194?
886
Calculate the greatest common divisor of 1420 and 668110.
710
What is the highest common divisor of 7042 and 14?
14
What is the highest common factor of 8215724 and 488?
244
Calculate the highest common factor of 1749 and 25212.
33
Calculate the highest common factor of 1560 and 1315.
5
What is the highest common factor of 2219 and 8526?
7
What is the greatest common factor of 249209 and 62?
31
Calculate the highest common divisor of 438635 and 2405.
185
What is the highest common divisor of 1185 and 2625?
15
What is the highest common divisor of 765 and 302668?
17
What is the greatest common factor of 7616 and 124992?
448
What is the highest common divisor of 803 and 13398?
11
What is the highest common factor of 348576 and 288?
96
What is the greatest common factor of 11063 and 3404?
851
Calculate the greatest common factor of 425 and 137530.
85
Calculate the highest common divisor of 398 and 684958.
398
Calculate the greatest common factor of 11648 and 512.
128
What is the highest common factor of 30549 and 51?
51
Calculate the highest common divisor of 10850 and 6650.
350
What is the greatest common factor of 22842 and 188?
94
What is the highest common divisor of 14680 and 830?
10
What is the highest common factor of 9280 and 1536?
64
What is the greatest common divisor of 56525 and 68?
17
Calculate the greatest common factor of 305 and 7895.
5
Calculate the greatest common divisor of 100 and 407775.
25
What is the highest common divisor of 1206 and 16038?
18
What is the greatest common divisor of 546 and 37926?
42
What is the highest common divisor of 45 and 50805?
45
What is the greatest common divisor of 486 and 199989?
243
Calculate the highest common factor of 55 and 299596.
11
What is the greatest common divisor of 15440 and 1360?
80
Calculate the greatest common factor of 16564 and 9348.
164
What is the greatest common factor of 578 and 935986?
34
Calculate the greatest common factor of 2210 and 60112.
442
Calculate the highest common divisor of 7446 and 2601.
51
Calculate the highest common factor of 2478 and 184434.
354
Calculate the greatest common divisor of 424 and 459934.
106
What is the highest common factor of 50 and 31250?
50
Calculate the highest common divisor of 1854 and 18.
18
What is the greatest common divisor of 7404 and 12?
12
Calculate the greatest common divisor of 70 and 574.
14
What is the greatest common divisor of 51 and 1919827?
17
Calculate the highest common divisor of 13 and 10101533.
13
Calculate the greatest common factor of 120 and 16875.
15
Calculate the highest common factor of 4183 and 150823.
47
Calculate the highest common factor of 1727 and 13031.
157
Calculate the greatest common factor of 650 and 4966.
26
What is the highest common divisor of 30418 and 8?
2
Calculate the highest common divisor of 330776 and 1557.
173
What is the highest common factor of 18 and 107127?
9
What is the greatest common divisor of 52352 and 13696?
128
What is the highest common divisor of 15058637 and 11?
11
Calculate the greatest common factor of 126540 and 71136.
684
Calculate the greatest common factor of 360 and 3816.
72
Calculate the greatest common factor of 48 and 4288.
16
What is the greatest common factor of 1162 and 124666?
166
Calculate the greatest common divisor of 1152 and 747.
9
What is the highest common factor of 47337 and 186?
93
What is the greatest common factor of 98 and 1649144?
98
Calculate the highest common factor of 18 and 93362.
2
Calculate the highest common factor of 54 and 46143.
27
What is the highest common divisor of 15 and 240915?
15
What is the greatest common factor of 295650 and 837?
27
What is the greatest common factor of 37968 and 560?
112
What is the highest common factor of 134805 and 129?
129
What is the greatest common divisor of 11152 and 181712?
656
What is the greatest common factor of 33420 and 63?
3
What is the highest common factor of 36747 and 59884?
1361
Calculate the highest common divisor of 3281 and 43039.
193
What is the highest common divisor of 846 and 1569424?
94
What is the greatest common divisor of 192750 and 26250?
750
What is the highest common divisor of 7503 and 3403?
41
Calculate the greatest common factor of 17440 and 7303.
109
Calculate the highest common divisor of 1405248 and 563.
563
Calculate the greatest common divisor of 831232 and 102.
34
What is the greatest common factor of 42 and 7518?
42
What is the greatest common factor of 38 and 64847?
19
Calculate the highest common divisor of 493 and 522.
29
Calculate the highest common factor of 1028232 and 288.
72
What is the highest common factor of 31944 and 660?
132
What is the highest common divisor of 2036 a